
28
Let x(f) = f**2 + 8*f - 6. What is x(1)?
3
Let t(s) = 12*s**3 + 1. Determine t(1).
13
Let i(m) = -m + 31. Calculate i(16).
15
Let x(z) = -8*z - 4. What is x(1)?
-12
Let h(g) = -2*g - 42. Calculate h(-31).
20
Let t(b) = -b**3 + 33*b**2 + 69*b + 31. What is t(35)?
-4
Let c(t) = -14*t - 55. Give c(-4).
1
Let t(j) = -2*j - 4. Determine t(7).
-18
Let z(y) = -11*y - 25. What is z(-3)?
8
Let j(c) = -8*c - 6. Give j(-2).
10
Let w(m) = 54*m + 49. Determine w(-1).
-5
Let h(f) = f - 11. Calculate h(8).
-3
Let o(y) = -y**3 + 5*y**2 + 22. What is o(6)?
-14
Let w(s) = -s**2 - s + 14. Calculate w(-9).
-58
Let q(o) = o**3 - 8*o**2 - 2*o + 7. Determine q(8).
-9
Let h(c) = 6*c**2 - 3*c + 2. What is h(1)?
5
Let p(n) = n**3 + 10*n**2 + 5*n. Give p(-10).
-50
Let z(j) = -j**2 + 12*j - 27. Determine z(4).
5
Let i(r) = -2*r**3 - 10*r**2 - 4*r + 2. Give i(-5).
22
Let c(r) = 16*r + 96. Give c(-6).
0
Let s(g) = -g**3 + 6*g**2 + 12*g - 28. Give s(7).
7
Let q(j) = j**2 + 11. Determine q(5).
36
Let n(h) = -h**3 + 4*h**2 - 2*h - 2. Determine n(3).
1
Let l(i) = -i**2 + 9*i - 17. What is l(2)?
-3
Let h(w) = w**2 + 21*w + 108. Determine h(-11).
-2
Let i(z) = -4*z**2 + z + 4. Give i(2).
-10
Let i(z) = z**3 + 2*z**2 + z. What is i(-1)?
0
Let z(o) = -10*o + 66. Give z(6).
6
Let x(y) = -y**3 + 2*y + 5. Determine x(0).
5
Let j(q) = -q**2 - 3*q - 9. Give j(-5).
-19
Let q(j) = -j**2 - 19*j - 18. Give q(-8).
70
Let a(q) = q + 48. Determine a(-16).
32
Let d(b) = b**3 + 10*b**2 + 8. Calculate d(-10).
8
Let b(g) = 14*g + 3. Calculate b(-2).
-25
Let u(g) = g - 20. Give u(16).
-4
Let g(i) = 2*i - 7. Determine g(-15).
-37
Let d(w) = -w**3 + 2*w**2 + 2*w - 2. Calculate d(3).
-5
Let p(i) = -i**2 + 68*i - 747. What is p(54)?
9
Let w(i) = i**3 - 5*i**2 + i + 5. Give w(4).
-7
Let m(j) = j**2 + j + 4. Give m(-3).
10
Let s(i) = -i**2 + 27*i - 34. Determine s(16).
142
Let i(s) = -s**3 - 2*s - 5. Calculate i(0).
-5
Let w(y) = -y**2 + 10*y - 20. What is w(4)?
4
Let y(d) = -3*d**2 + 2*d + 9. Determine y(5).
-56
Let m(w) = -w**2 - w - 7. Calculate m(-5).
-27
Let l(y) = -y**2 - 22*y - 56. Determine l(-4).
16
Let f(g) = -5*g**2 - 24*g + 1. Give f(-6).
-35
Let u(l) = l**3 + l**2 + 10. Determine u(0).
10
Let x(s) = -s**3 - 2*s**2 + 4*s - 2. Determine x(2).
-10
Let b(w) = 204*w**2 + 4*w - 2. Give b(1).
206
Let z(m) = -5*m**3 + 5*m**2 + 2*m + 1. Give z(2).
-15
Let q(j) = 3*j**3 - 2*j + 2. Calculate q(-2).
-18
Let c(a) = a**3 + 15*a**2 - 20*a - 17. Determine c(-16).
47
Let d(i) = -i**2 + 44*i + 81. What is d(46)?
-11
Let p(k) = k**2 + k - 16. What is p(-6)?
14
Let q(w) = -w**3 - 6*w - 10. Give q(-2).
10
Let r(s) = s**3 - 16*s**2 + s + 2. Calculate r(16).
18
Let r(h) = -h**3 + 8*h**2 - 14. What is r(8)?
-14
Let k(z) = -8*z + 55. What is k(5)?
15
Let g(w) = -w**3 + w**2 + w - 12. Calculate g(0).
-12
Let p(h) = h**2 - 11*h + 23. Determine p(3).
-1
Let j(a) = -a**3 + 13*a**2 - 21*a - 23. Calculate j(11).
-12
Let f(l) = 21*l - 42. What is f(-2)?
-84
Let s(i) = -i**3 - 7*i**2 - 5*i + 1. Calculate s(-6).
-5
Let h(s) = -s**3 - 8*s**2 + 10*s + 10. Determine h(-9).
1
Let d(o) = o**3 - 7*o**2 + 2*o - 4. Give d(7).
10
Let t(z) = z**2 - z + 10. Calculate t(0).
10
Let k(v) = v**3 + 15*v**2 + 13*v + 3. What is k(-14)?
17
Let g(x) = -x - 1. Determine g(-3).
2
Let n(u) = -u**3 - 6*u**2 - 2*u - 1. Determine n(-5).
-16
Let y(v) = 3*v**3 - 2*v**2 + v + 1. What is y(2)?
19
Let h(v) = -v**3 + 5*v**2 - 2*v - 3. What is h(3)?
9
Let v(n) = -3*n + 9. Give v(0).
9
Let w(v) = -2*v**3 - 12*v**2 - 4*v + 8. What is w(-6)?
32
Let h(y) = -12*y + 50. What is h(4)?
2
Let l(g) = -3*g**3 - 4*g**2 + 2. Give l(-3).
47
Let f(b) = b**2 + 12*b - 20. Calculate f(-15).
25
Let p(j) = -4*j**3 + j**2 + 5*j + 4. What is p(-1)?
4
Let m(o) = -10*o + 8. Determine m(13).
-122
Let o(w) = 3*w + 13. Calculate o(-6).
-5
Let z(m) = m**3 + 7*m**2 - 2*m - 4. Give z(-7).
10
Let y(s) = 5*s - 36. Determine y(8).
4
Let u(o) = o**3 + 5*o**2 - 24*o + 21. Determine u(-8).
21
Let l(n) = -19*n**2 - 6. What is l(-2)?
-82
Let u(q) = -q**3 - 8*q**2 - 8*q + 13. What is u(-7)?
20
Let s(a) = a + 13. Give s(-15).
-2
Let i(q) = q**3 + 11*q**2 + 20*q - 42. What is i(-8)?
-10
Let u(j) = j**3 - 5*j**2 - 8. Determine u(6).
28
Let d(v) = v + 22. What is d(-14)?
8
Let j(f) = 4*f - 32. Determine j(8).
0
Let f(m) = -m**2 + 14*m + 9. Determine f(11).
42
Let m(r) = r**2 - 15*r - 13. Calculate m(15).
-13
Let s(n) = n**2 - 4*n - 11. Determine s(4).
-11
Let z(h) = h**3 + h**2 - 25*h - 44. Calculate z(-2).
2
Let d(w) = w**2 + 10*w + 4. Determine d(-8).
-12
Let v(s) = s**2 - 6*s + 6. Calculate v(9).
33
Let h(s) = -12*s + 396. Calculate h(34).
-12
Let i(t) = -t**3 - 3*t**2 + 10*t - 9. Calculate i(-5).
-9
Let t(x) = x**2 - 25*x + 42. Determine t(23).
-4
Let u(x) = -14*x + 55. Determine u(-11).
209
Let v(b) = -3*b**3 + 2*b + 1. Determine v(-2).
21
Let h(a) = -a**2 + 6*a + 13. Calculate h(6).
13
Let b(o) = -19*o + 34. What is b(2)?
-4
Let m(k) = k**3 + 11*k**2 + 26*k - 8. Calculate m(-7).
6
Let p(b) = 2*b**2 + 12*b - 11. Determine p(-6).
-11
Let p(z) = 3*z - 8. Determine p(-5).
-23
Let v(l) = 11*l + 88. Calculate v(-9).
-11
Let b(d) = -2*d + 59. What is b(24)?
11
Let l(k) = k + 2. What is l(2)?
4
Let h(u) = 4*u + 6. Calculate h(-5).
-14
Let m(k) = 6*k**3 - k**2 + k + 2. Calculate m(-1).
-6
Let g(b) = b**2 + 37*b + 200. Give g(-7).
-10
Let c(v) = -2*v + 28. Calculate c(12).
4
Let f(q) = -q**3 + q**2 + 4. What is f(0)?
4
Let f(u) = -u**3 + 16*u**2 + 33*u + 11. Calculate f(18).
-43
Let a(r) = -r + 33. Give a(30).
3
Let h(x) = -x + 2. Give h(-2).
4
Let x(r) = -14*r**2 + 5*r - 1. What is x(1)?
-10
Let z(l) = l + 14. Calculate z(-10).
4
Let n(u) = u**3 - 2*u**2 + u. Determine n(3).
12
Let d(r) = 17*r - 39. What is d(5)?
46
Let m(p) = -p**3 - 50*p**2 - 4*p - 6. Determine m(0).
-6
Let j(d) = -d**2 + 4*d - 5. Give j(5).
-10
Let x(s) = -3*s**2 + 30*s - 77. Calculate x(5).
-2
Let a(o) = -o**3 - o**2 - 2*o - 1. Give a(0).
-1
Let d(z) = z**2 - 4*z + 4. Calculate d(3).
1
Let w(a) = 3*a**3 - 2*a + 1. What is w(2)?
21
Let n(k) = -8*k + 6. Give n(-7).
62
Let y(h) = h**2 + 4*h - 4. Give y(-5).
1
Let j(h) = 3*h**2 - 4*h + 5. Calculate j(2).
9
Let u(w) = 8*w**2 + 10*w - 16. Determine u(2).
36
Let a(l) = 5*l - 65. Calculate a(12).
-5
Let o(i) = -i**3 + 6*i**2 + 8*i - 1. Determine o(7).
6
Let l(z) = 22*z**2 - 8*z + 21. Determine l(2).
93
Let p(a) = a**3 + 19*a**2 + 14*a - 5. Give p(-18).
67
Let z(h) = 3*h**2 + 9*h - 10. What is z(-3)?
-10
Let g(t) = -t + 13. Determine g(8).
5
Let n(t) = -3*t. What is n(6)?
-18
Let u(v) = -v**3 - 7*v**2 + 9*v + 4. Determine u(-8).
-4
Let u(l) = -l**2 - l + 2. Determine u(2).
-4
Let k(b) = b**3 + 2*b**2 - 7*b - 7. Calculate k(-3).
5
Let m(t) = -3*t**2 + 2. What is m(-1)?
-1
Let a(y) = -y**2 - 38. Determine a(0).
-38
Let p(m) = -m**3 + 11*m**2 - 16*m - 38. What is p(8)?
26
Let v(k) = k**3 - 17*k**2 - 16*k - 39. Calculate v(18).
-3
Let k(m) = -m. Determine k(1).
-1
Let p(j) = -9*j - 101. What is p(-12)?
7
Let v(t) = -22*t - 153. Give v(-7).
1
Let i(f) = 3*f - 1. Calculate i(-3).
-10
Let l(o) = 9*o**3 - 2*o**2 + 2*o + 2. Determine l(-2).
-82
Let x(l) = l**3 + 4*l**2 - 4*l. Calculate x(-4).
16
Let a(j) = -2*j**2 + 9*j - 18. Give a(4).
-14
Let v(t) = t**2 - 2*t + 14. What is v(10)?
94
Let c(g) = 2*g**3 - 18*g**2 + g + 6. Give c(9).
15
Let g(s) = -s**3 + 2*s**2 + 4*s + 3. Give g(-2).
11
Let o(z) = -2*z**2 + 12*z - 12. Calculate o(6).
-12
Let p(m) = -m**2 - 11*m + 23. Determine p(-12).
11
Let t(m) = 11*m - 52. Give t(5).
3
Let m(c) = c**2 + c - 11. Give m(-9).
61
Let i(f) = -f**2 - 3*f + 5. Give i(8).
-83
Let i(c) = -c**2 + 8*c - 1. What is i(8)?
-1
Let w(t) = 12*t - 142. Determine w(13).
14
Let x(i) = -9*i + 67. Give x(8).
-5
Let m(z) = -13*z**3 + 2*z - 1. Calculate m(1).
-12
Let p(q) = 3*q + 35. What is p(-11)?
2
Let a(r) = r**3 - 2*r**2 - 24*r + 6. Determine a(6).
6
Let w(c) = c**3 + 5*c**2 - 6*c + 7. Give w(-6).
7
Let x(j) = -j**3 - 47*j**2 - 49*j - 143. What is x(-46)?
-5
Let v(a) = -a**2 + 7*a - 17. Give v(4).
-5
Let p(o) = -2*o + 15. What is p(8)?
-1
Let y(l) = -l**2 + 9*l - 9. Give y(6).
9
Let s(j) = -j**3 + 4*j**2 + 7*j + 9. What is s(5)?
19
Let i(m) = 6*m + 4. Determine i(-2).
-8
Let j(g) = g**3 - 11*g**2 + 11*g - 14. Give j(10).
-4
Let s(l) = l**2 - 20*l - 84. Calculate s(-4).
12